e -10 = -6*j + 26. Suppose 21*u - 19*u = -j. Let y(z) = -z**3 - 4*z**2 - 3*z + 2. Determine y(u).
2
Let h(u) be the second derivative of -u**3/3 - 3*u. Let a = 64 + -63. Let n be (4*a/4)/(3 + -2). Determine h(n).
-2
Let n(v) = 6*v**2 + v + 2*v + 8*v + 3*v**2 - 13*v - 2*v**3. Determine n(4).
8
Let v(i) be the second derivative of i**3/6 - i**2/2 + i. Suppose 2*b - 3 - 5 = 0. Suppose 98 = -b*n + 86. Determine v(n).
-4
Let u be ((-3)/(-20) + 4/(-10))/(286/46904). Let h(d) = -4*d - 156. Give h(u).
8
Let z(i) = -9*i + 146. Let l be z(16). Let h be 0/2 - (0 + -3). Let m(o) = 2*o - o**2 - o**l - 1 + 9*o**h + 0. Calculate m(1).
8
Let r(w) = -5*w**2 + 7*w - 4. Let n = 1019 + -1532. Let c = -511 - n. Determine r(c).
-10
Let f(g) = -g**3 + 13*g**2 + g + 8. Suppose 0 = -197*o + 195*o + 6. Suppose -3*k + 39 = -n, o*k + 4 = -5*n + 43. Calculate f(k).
21
Let t(q) be the third derivative of -q**4/6 + q**3/6 - 1169*q**2. What is t(3)?
-11
Suppose -4*s - 28 - 4 = 0. Let v be ((-12)/(-9))/(s/(-12) + -1). Let u(q) = q**3 + 6*q**2 + 7*q - 4. Determine u(v).
0
Suppose 16*q = 22*q - 318. Let r = -51 + q. Let n(k) = k**r - 2*k**2 - 11 + 9 - 6*k. Give n(-6).
-2
Let v(d) be the first derivative of 5*d + 1/2*d**2 + 29. Determine v(-6).
-1
Let k = 0 + 0. Suppose -8 = 4*i, -5*o - 5*i - 20 = -k*i. Let q(a) be the first derivative of a**3 + a**2/2 - 2*a + 942. Determine q(o).
8
Let n(c) = -c**3 - 6*c - c**2 - 3 + 5*c + 0*c**3. Let z be ((-560)/(-12) - 4)*6. Let h = z - 256. Determine n(h).
-3
Let o = -12341 + 12343. Let r(l) = 16*l**2 - 4*l - 2. Calculate r(o).
54
Let c(r) = 123*r**3 + 104*r**2 + 98*r + 45. Let z(h) = 46*h**3 + 35*h**2 + 33*h + 15. Let g(n) = -3*c(n) + 8*z(n). Give g(-31).
-46
Let a(r) = -r - 3. Let l = 24 + -16. Let n be (l/(-16))/(4/48). Calculate a(n).
3
Let n(u) = -3*u - 5. Let p be -1 - (-10)/(-4)*(-176)/110. Determine n(p).
-14
Let d(j) = j**3 + 11*j**2 + 8*j - 3. Let y(v) = 4*v**2 - 7*v - 112. Let u be y(6). Determine d(u).
17
Let o(j) = -726*j + 3631. Let s be o(5). Let v(y) = 8*y**3 - 5*y**3 + 6*y**2 - 5*y**2. Give v(s).
4
Let x(i) = i + 2. Let q = 147 - 143. Suppose -q*l + 21 = 2*u - 1, -3*l = -9. Determine x(u).
7
Let g be (1/(-3))/(5/(-90)). Let u(v) = v**3 - 4*v**2 - v - 12. Let p be u(g). Let d = p + -47. Let r(s) = -s**3 + 8*s**2 - 4*s + 2. Give r(d).
23
Suppose 691*o = 696*o. Let t(i) be the second derivative of -i**5/60 - i**4/24 + 5*i**3/6 + i**2 + i. Let v(s) be the first derivative of t(s). Determine v(o).
5
Let i(t) = 5*t**2 - 382 + 144 + 94 + 144 + 9*t**2. Let c be (2/(-2))/(-2 - -3). What is i(c)?
14
Suppose 4*d = 7 - 15. Let r(w) = -14*w - 16. Let o be r(d). Suppose -7*z - 9 = o. Let j(f) = -2*f. What is j(z)?
6
Suppose -4*w = -g - 0*w + 10, -w - 55 = 5*g. Let i(u) be the third derivative of -u**4/24 - 4*u**3/3 + 15*u**2 - 5. Give i(g).
2
Let v = -666641 + 666642. Let t(a) be the third derivative of a**5/30 - a**4/12 + a**3/6 + a**2. Give t(v).
1
Let k be ((-7)/28*3)/((-3 - 1)/80). Let o(d) = -23*d + 344. Calculate o(k).
-1
Let p(j) = j**3 - j**2 - j - 1. Let o = 87 - 85. Let r = 11 + -15. Let v be (r/(-2))/((-5 - -2) + o). Calculate p(v).
-11
Suppose -5*n - 1 = -3*j, -5*j + 3*n = -7 - 0. Let t(v) = 6604*v**2 - 2*v - v + 2*v - 6603*v**2 + 3. What is t(j)?
5
Let f(t) = 9*t + 14. Let k(d) = 3*d + 13. Let v be k(-5). Let l(n) = -12*n - 15. Let c(p) = v*l(p) - 3*f(p). Give c(-6).
6
Let v(x) = -6 - 47*x + 25*x + 24*x. Let y be (3/2)/(6/20). Suppose 0*o - o + y = 0. Calculate v(o).
4
Let f(w) = 2*w + 17. Suppose -40*t - g = -35*t - 11, 4*t - 7 = g. Suppose -4 = 2*i, t*i = s + 7*i + 17. What is f(s)?
3
Let r(b) be the first derivative of b**2/2 - 13*b - 6. Suppose 4*g - 52 = s, 68 = 2*g + 2*g + 3*s. Suppose -g = -4*m + 18. What is r(m)?
-5
Let g(a) be the second derivative of a**6/720 - 7*a**5/40 + 31*a**4/12 + 61*a. Let o(b) be the third derivative of g(b). What is o(0)?
-21
Let m(i) = 127*i - 4*i**2 - 8*i**2 - 9 + 0*i**3 - 115*i + i**3. Let r be m(11). Let n(q) = 6*q**3 - 4*q**3 + q**3 - 6 - 6*q**r - 2*q**3. Determine n(6).
-6
Let t(s) = -45*s - 4. Let y(x) = -24*x - 1. Let q(n) = 6*t(n) - 11*y(n). Let i be q(-3). Let a(u) = u**3 - 7*u**2 + 10*u + 3. Give a(i).
3
Let i(r) = -r**3 + r**2 + 1. Suppose 120 = 52*g - 12*g. Calculate i(g).
-17
Let k(x) = 2*x**2 + 10*x + 3. Let b be k(-4). Let y(g) = g**3 + 6*g**2 + 3*g + 3. Let l be y(b). Suppose -l*v - 8 + 21 = 0. Let d(i) = 10*i. Give d(v).
10
Let q(v) = -12*v + 4*v**2 + 0*v**2 + 23*v + 14 - 38*v. Give q(5).
-21
Let k(g) be the first derivative of 13*g**2 - 316*g + 2685. Calculate k(12).
-4
Let r(v) = -7*v**2 - 4*v - 6. Let k(z) = 6*z**2 + 5*z + 5. Let x(w) = -6*k(w) - 5*r(w). Let a = -5029 + 5022. Calculate x(a).
21
Let z(f) = 4 + f - 4 + 7 + 7. Let g be 256/(-26) + (-124)/806. Calculate z(g).
4
Let s(g) = g**2 + 56*g + 737. Let c be s(-21). Let j = -14 - -22. Let t(d) = -5*d - 9*d**3 + j*d**3 - 8*d**c + 0 + 0. What is t(-7)?
-14
Let l(b) be the second derivative of -b**4/12 - 5*b**3/6 + 9*b**2/2 + 104*b. Let h(w) = -w**2 - w + 14. Let k be h(-5). What is l(k)?
3
Suppose 6*n - 5*n + 19 = -2*q, 0 = -2*q + 3*n + 1. Let i = 71 + -63. Let o(k) = 4*k - k - i - 7*k + 2*k. Calculate o(q).
6
Let z(n) = -4*n**2 - 2*n + 15. Suppose -53 = -5*s - 28. Calculate z(s).
-95
Let h be 12/(-54) + 52/(-9). Let p(r) be the second derivative of -1/3*r**3 - 7/12*r**4 + 0 - 1/20*r**5 + 23*r - 5/2*r**2. What is p(h)?
-29
Suppose 4 = -13*i + 14*i. Suppose -i*l + 23 = -1. Let x(b) = -2 + 4 + 3*b + 3 - 4*b. Calculate x(l).
-1
Suppose p + 20 = -5*u, p + 4*u + 10 + 6 = 0. Let r(s) be the first derivative of -s**4/4 + s**3/3 + s**2/2 - 4*s + 9. Calculate r(p).
-4
Let m(c) = -c**2 - 29*c - 89. Suppose -2*j + j - 49 = 2*b, -2*b = -4*j + 54. Let k be m(b). Let z(w) = w**2 - 13*w + 6. Determine z(k).
-16
Let s = -17286 - -17291. Let x(p) = p**3 - 4*p**2 - 3*p - 13. What is x(s)?
-3
Suppose 4*f = 6*f - 3*x - 19, -3*f = -2*x - 16. Let h(l) = l - 3*l - 20646*l**f - 2 + 20648*l**2. What is h(2)?
2
Let o(x) be the second derivative of -x**5/20 + x**4/6 - x**3/3 + 2*x**2 - 269*x - 28. Let l = -3 + 5. Let c be (4 - l - 1) + 2. Calculate o(c).
-11
Let t(a) = -8*a + 12. Let u be t(2). Let d = 5 + u. Let r(w) = 271*w**2 + d - 270*w**2 - w - 3. What is r(-3)?
10
Let m(k) = -k**3 + 12*k**2 - 12*k + 3. Let j be (-17 + 14)/((-3)/(-2)) - -578. Let l = -565 + j. Determine m(l).
-8
Let h(m) = 7*m + 84. Suppose 3*f + 7*y - 3*y + 44 = 0, -5*f = 4*y + 68. Calculate h(f).
0
Let i(g) = 9*g**3 - g**2 - 7*g + 14. Let h = 12122 - 12120. What is i(h)?
68
Let k be (-3 - -1) + (-110)/(-2). Let t = 34 - k. Let b(v) = v**3 + 18*v**2 - 19*v + 6. Let s be b(t). Let w(h) = h + 2. Give w(s).
8
Let n(w) = -w**3 + 2*w**2 + 3*w + 5. Let c(y) = 2*y - 12. Let z be c(7). Let l(h) = -h**3 - 8 + 10 - h**z + h - 2. Let m(x) = 2*l(x) - n(x). Calculate m(-4).
-1
Let r(p) = -1501*p + 71 + 798*p + 715*p. Determine r(-8).
-25
Let r(u) = 335406*u**3 - u - 335405*u**3 - 2*u + 11*u**2. Give r(-11).
33
Let w be 11*(-1)/(-22)*16. Let h(p) = p**2 - 19*p + 95. What is h(w)?
7
Let v(m) = m**3 + 2*m**2 - 3*m + 2. Let s(i) = -i**2 + 2*i + 1. Let y be s(0). Let d be v(y). Let w(n) = -27*n**2 + n - 2*n - 29*n**2 + 57*n**2. Calculate w(d).
2
Let o(z) be the second derivative of 1/2*z**3 - 37*z + 15*z**2 - 2. Determine o(-10).
0
Let j(t) = 2*t + 1. Let d be j(-3). Let y = -3 - d. Let a(l) = 21 + 21 - y*l - 45. Give a(-3).
3
Let v(u) = -u**3 + 32*u**2 - 11*u + 9. Let s(y) = y**3 - 46*y**2 + 16*y - 10. Let p(q) = -2*s(q) - 3*v(q). Let b = -11 - -15. Calculate p(b).
-3
Let u(k) = 7*k**2 + 17*k. Let f(p) = -4*p**2 - 17*p + 3. Let b(c) = -c**2 + c - 1. Let d(t) = 2*b(t) + f(t). Let r(o) = -6*d(o) - 5*u(o). Give r(-7).
8
Let x(m) = m**2 + m**2 - 3*m**2 - 9 + 5*m. Suppose -30 - 22 = 4*w. Let p(n) = n**3 + 14*n**2 + 16*n + 45. Let b be p(w). Give x(b).
-15
Let j be (-33 - -33)*(3 + -2). Let b(m) be the second derivative of 2/3*m**3 + m**2 + 1/12*m**4 + 7*m + j. Calculate b(-4).
2
Let t(n) = -n**3 + 8*n**2 - 6*n + 6. Let r = 2799 + -2792. Calculate t(r).
13
Let j(o) = 2*o - 2*o**3 + 4 + o**3 - 5*o**2 - o. Let r = -1201 - -588. Let h = r - -609. What is j(h)?
-16
Let p(z) be the second derivative of -z**4/4 + 15*z**3 + 46*z**2 + 8319*z. Determine p(31).
-1
Let q = 4290 + -4286. Let o = -5 - 